{"id":3408,"date":"2024-06-11T11:01:12","date_gmt":"2024-06-11T10:01:12","guid":{"rendered":"https:\/\/ortopediagot.net\/?post_type=product&#038;p=3408"},"modified":"2024-06-11T11:01:13","modified_gmt":"2024-06-11T10:01:13","slug":"taburete-giratorio-santorini","status":"publish","type":"product","link":"https:\/\/ortopediagot.net\/Inicio\/producto\/taburete-giratorio-santorini\/","title":{"rendered":"TABURETE GIRATORIO SANTORINI"},"content":{"rendered":"<p>TABURETE GIRATORIO SANTORINI (812191)<\/p>\n<div class=\"tsf-campo-acf-titulo tsf-campo-acf-titulo-caracteristicas tsf_campo-acf tsf_caracteristicas\"><strong>Caracter\u00edsticas<\/strong><\/div>\n<div><\/div>\n<div class=\"tsf-campo-acf-valores tsf-campo-acf-valores-caracteristicas tsf_campo-acf tsf_caracteristicas\">El taburete de ducha giratorio Santorin le permite tomar una ducha c\u00f3modamente.<br \/>\nGracias a su asiento giratorio de 360\u00b0 evitar\u00e1 posturas inc\u00f3modas.<br \/>\nEl asiento es suave y acolchado para su comodidad.<br \/>\nTambi\u00e9n est\u00e1 equipado con una peque\u00f1a bandeja.<br \/>\nPara poner tus productos y tenerlos siempre a mano.<br \/>\nEl asiento giratorio es desmontable para facilitar la limpieza.<br \/>\nDimensiones totales: 38 x 38 cm.<br \/>\nDimensiones de asiento: di\u00e1metro 36 x altura.<br \/>\nDe 41 a 58 cm.<br \/>\nPeso 3 kg.<br \/>\nPeso m\u00e1ximo usuario 135 kg.<\/div>\n","protected":false},"excerpt":{"rendered":"<p>TABURETE GIRATORIO SANTORINI (812191) Caracter\u00edsticas El taburete de ducha giratorio Santorin le permite tomar una ducha c\u00f3modamente. Gracias a su asiento giratorio de 360\u00b0 evitar\u00e1 posturas inc\u00f3modas. El asiento es suave y acolchado para su comodidad. Tambi\u00e9n est\u00e1 equipado con una peque\u00f1a bandeja. Para poner tus productos y tenerlos siempre a mano. El asiento giratorio [&hellip;]<\/p>\n","protected":false},"featured_media":3409,"comment_status":"open","ping_status":"closed","template":"","meta":{"saved_in_kubio":false},"product_brand":[],"product_cat":[85],"product_tag":[118],"class_list":{"0":"post-3408","1":"product","2":"type-product","3":"status-publish","4":"has-post-thumbnail","6":"product_cat-sillas-y-taburetes-de-duchas","7":"product_tag-emo","9":"first","10":"instock","11":"shipping-taxable","12":"product-type-simple"},"_links":{"self":[{"href":"https:\/\/ortopediagot.net\/Inicio\/wp-json\/wp\/v2\/product\/3408"}],"collection":[{"href":"https:\/\/ortopediagot.net\/Inicio\/wp-json\/wp\/v2\/product"}],"about":[{"href":"https:\/\/ortopediagot.net\/Inicio\/wp-json\/wp\/v2\/types\/product"}],"replies":[{"embeddable":true,"href":"https:\/\/ortopediagot.net\/Inicio\/wp-json\/wp\/v2\/comments?post=3408"}],"wp:featuredmedia":[{"embeddable":true,"href":"https:\/\/ortopediagot.net\/Inicio\/wp-json\/wp\/v2\/media\/3409"}],"wp:attachment":[{"href":"https:\/\/ortopediagot.net\/Inicio\/wp-json\/wp\/v2\/media?parent=3408"}],"wp:term":[{"taxonomy":"product_brand","embeddable":true,"href":"https:\/\/ortopediagot.net\/Inicio\/wp-json\/wp\/v2\/product_brand?post=3408"},{"taxonomy":"product_cat","embeddable":true,"href":"https:\/\/ortopediagot.net\/Inicio\/wp-json\/wp\/v2\/product_cat?post=3408"},{"taxonomy":"product_tag","embeddable":true,"href":"https:\/\/ortopediagot.net\/Inicio\/wp-json\/wp\/v2\/product_tag?post=3408"}],"curies":[{"name":"wp","href":"https:\/\/api.w.org\/{rel}","templated":true}]}}