{"id":3477,"date":"2024-06-11T12:03:59","date_gmt":"2024-06-11T11:03:59","guid":{"rendered":"https:\/\/ortopediagot.net\/?post_type=product&#038;p=3477"},"modified":"2024-06-11T12:04:00","modified_gmt":"2024-06-11T11:04:00","slug":"silla-de-ducha-con-asiento-giratorio","status":"publish","type":"product","link":"https:\/\/ortopediagot.net\/Inicio\/producto\/silla-de-ducha-con-asiento-giratorio\/","title":{"rendered":"SILLA DE DUCHA CON ASIENTO GIRATORIO"},"content":{"rendered":"<p>SILLA DE DUCHA CON ASIENTO GIRATORIO (812207)<\/p>\n<div class=\"tsf-campo-acf-titulo tsf-campo-acf-titulo-caracteristicas tsf_campo-acf tsf_caracteristicas\"><strong>Caracter\u00edsticas<\/strong><\/div>\n<div><\/div>\n<div class=\"tsf-campo-acf-titulo tsf-campo-acf-titulo-caracteristicas tsf_campo-acf tsf_caracteristicas\">Una pr\u00e1ctica silla de ducha que se puede girar en el plato de ducha.<br \/>\nSi se ahorra espacio, es m\u00e1s f\u00e1cil sentarse frente a la puerta y luego girarse.<br \/>\nEstructura en acero epoxi y asiento con gran confort.<br \/>\nDimensiones generales: ancho 56 x prof. 53 x alto. 85 cm.<br \/>\nTama\u00f1o del asiento: Ancho 44 x prof. 40 x alto. 51,5 cm.<br \/>\nPeso 5 kg.<br \/>\nPeso m\u00e1ximo usuario 100 kg.<\/div>\n","protected":false},"excerpt":{"rendered":"<p>SILLA DE DUCHA CON ASIENTO GIRATORIO (812207) Caracter\u00edsticas Una pr\u00e1ctica silla de ducha que se puede girar en el plato de ducha. Si se ahorra espacio, es m\u00e1s f\u00e1cil sentarse frente a la puerta y luego girarse. Estructura en acero epoxi y asiento con gran confort. Dimensiones generales: ancho 56 x prof. 53 x alto. [&hellip;]<\/p>\n","protected":false},"featured_media":3478,"comment_status":"open","ping_status":"closed","template":"","meta":{"saved_in_kubio":false},"product_brand":[],"product_cat":[85],"product_tag":[118],"class_list":{"0":"post-3477","1":"product","2":"type-product","3":"status-publish","4":"has-post-thumbnail","6":"product_cat-sillas-y-taburetes-de-duchas","7":"product_tag-emo","9":"first","10":"instock","11":"shipping-taxable","12":"product-type-simple"},"_links":{"self":[{"href":"https:\/\/ortopediagot.net\/Inicio\/wp-json\/wp\/v2\/product\/3477"}],"collection":[{"href":"https:\/\/ortopediagot.net\/Inicio\/wp-json\/wp\/v2\/product"}],"about":[{"href":"https:\/\/ortopediagot.net\/Inicio\/wp-json\/wp\/v2\/types\/product"}],"replies":[{"embeddable":true,"href":"https:\/\/ortopediagot.net\/Inicio\/wp-json\/wp\/v2\/comments?post=3477"}],"wp:featuredmedia":[{"embeddable":true,"href":"https:\/\/ortopediagot.net\/Inicio\/wp-json\/wp\/v2\/media\/3478"}],"wp:attachment":[{"href":"https:\/\/ortopediagot.net\/Inicio\/wp-json\/wp\/v2\/media?parent=3477"}],"wp:term":[{"taxonomy":"product_brand","embeddable":true,"href":"https:\/\/ortopediagot.net\/Inicio\/wp-json\/wp\/v2\/product_brand?post=3477"},{"taxonomy":"product_cat","embeddable":true,"href":"https:\/\/ortopediagot.net\/Inicio\/wp-json\/wp\/v2\/product_cat?post=3477"},{"taxonomy":"product_tag","embeddable":true,"href":"https:\/\/ortopediagot.net\/Inicio\/wp-json\/wp\/v2\/product_tag?post=3477"}],"curies":[{"name":"wp","href":"https:\/\/api.w.org\/{rel}","templated":true}]}}