{"id":3514,"date":"2024-06-11T12:36:07","date_gmt":"2024-06-11T11:36:07","guid":{"rendered":"https:\/\/ortopediagot.net\/?post_type=product&#038;p=3514"},"modified":"2024-06-11T12:36:08","modified_gmt":"2024-06-11T11:36:08","slug":"silla-de-ducha-clean-ajustable-en-altura-blanca","status":"publish","type":"product","link":"https:\/\/ortopediagot.net\/Inicio\/producto\/silla-de-ducha-clean-ajustable-en-altura-blanca\/","title":{"rendered":"SILLA DE DUCHA CLEAN AJUSTABLE EN ALTURA BLANCA"},"content":{"rendered":"<p>SILLA DE DUCHA CLEAN AJUSTABLE EN ALTURA BLANCA (822037)<\/p>\n<div class=\"tsf-campo-acf-titulo tsf-campo-acf-titulo-caracteristicas tsf_campo-acf tsf_caracteristicas\"><strong>Caracter\u00edsticas<\/strong><\/div>\n<div><\/div>\n<div class=\"tsf-campo-acf-valores tsf-campo-acf-valores-caracteristicas tsf_campo-acf tsf_caracteristicas\">La silla de ducha Clean con ruedas es ideal para lavar a personas discapacitadas o con movilidad reducida en una cabina de ducha de fondo plano.<br \/>\nEsta silla ergon\u00f3mica le ofrece muchos avances en confort y funcionalidad.<br \/>\nLos reposabrazos y el reposapi\u00e9s son retr\u00e1ctiles y desmontables. Se puede utilizar en duchas porque su marco de acero pintado sin soldaduras garantiza que no se oxide.<br \/>\nSe puede colocar sobre una taza de inodoro (m\u00e1ximo 43,5 cm o 49,5 cm seg\u00fan la versi\u00f3n).<br \/>\nEl asiento est\u00e1 abierto en la parte trasera, lo que facilita el uso del inodoro.<br \/>\nSe puede utilizar solo en una silla de higiene personal a\u00f1adiendo la opci\u00f3n de un lavabo con soporte.<br \/>\nAltura de asiento regulable de 47,5 a 60 cm.<br \/>\nDimensiones totales: anchura 55 x profundidad 58 cm (reposapi\u00e9s retra\u00eddo).<br \/>\nMedidas del asiento: ancho 43,5 x profundidad 43,5 cm.<br \/>\nAltura del reposabrazos respecto al asiento 22 cm.<br \/>\nPeso 14 kg.<br \/>\nPeso m\u00e1ximo usuario 130 kg.<\/div>\n","protected":false},"excerpt":{"rendered":"<p>SILLA DE DUCHA CLEAN AJUSTABLE EN ALTURA BLANCA (822037) Caracter\u00edsticas La silla de ducha Clean con ruedas es ideal para lavar a personas discapacitadas o con movilidad reducida en una cabina de ducha de fondo plano. Esta silla ergon\u00f3mica le ofrece muchos avances en confort y funcionalidad. Los reposabrazos y el reposapi\u00e9s son retr\u00e1ctiles y [&hellip;]<\/p>\n","protected":false},"featured_media":3517,"comment_status":"open","ping_status":"closed","template":"","meta":{"saved_in_kubio":false},"product_brand":[],"product_cat":[88],"product_tag":[118],"class_list":{"0":"post-3514","1":"product","2":"type-product","3":"status-publish","4":"has-post-thumbnail","6":"product_cat-sillas-de-ducha-con-ruedas","7":"product_tag-emo","9":"first","10":"instock","11":"shipping-taxable","12":"product-type-simple"},"_links":{"self":[{"href":"https:\/\/ortopediagot.net\/Inicio\/wp-json\/wp\/v2\/product\/3514"}],"collection":[{"href":"https:\/\/ortopediagot.net\/Inicio\/wp-json\/wp\/v2\/product"}],"about":[{"href":"https:\/\/ortopediagot.net\/Inicio\/wp-json\/wp\/v2\/types\/product"}],"replies":[{"embeddable":true,"href":"https:\/\/ortopediagot.net\/Inicio\/wp-json\/wp\/v2\/comments?post=3514"}],"wp:featuredmedia":[{"embeddable":true,"href":"https:\/\/ortopediagot.net\/Inicio\/wp-json\/wp\/v2\/media\/3517"}],"wp:attachment":[{"href":"https:\/\/ortopediagot.net\/Inicio\/wp-json\/wp\/v2\/media?parent=3514"}],"wp:term":[{"taxonomy":"product_brand","embeddable":true,"href":"https:\/\/ortopediagot.net\/Inicio\/wp-json\/wp\/v2\/product_brand?post=3514"},{"taxonomy":"product_cat","embeddable":true,"href":"https:\/\/ortopediagot.net\/Inicio\/wp-json\/wp\/v2\/product_cat?post=3514"},{"taxonomy":"product_tag","embeddable":true,"href":"https:\/\/ortopediagot.net\/Inicio\/wp-json\/wp\/v2\/product_tag?post=3514"}],"curies":[{"name":"wp","href":"https:\/\/api.w.org\/{rel}","templated":true}]}}