{"id":3580,"date":"2024-06-11T13:44:23","date_gmt":"2024-06-11T12:44:23","guid":{"rendered":"https:\/\/ortopediagot.net\/?post_type=product&#038;p=3580"},"modified":"2024-06-11T13:44:24","modified_gmt":"2024-06-11T12:44:24","slug":"asiento-de-banera-kingfisher","status":"publish","type":"product","link":"https:\/\/ortopediagot.net\/Inicio\/producto\/asiento-de-banera-kingfisher\/","title":{"rendered":"ASIENTO DE BA\u00d1ERA KINGFISHER"},"content":{"rendered":"<p>ASIENTO DE BA\u00d1ERA KINGFISHER (812198, 812270)<\/p>\n<div class=\"tsf-campo-acf-titulo tsf-campo-acf-titulo-caracteristicas tsf_campo-acf tsf_caracteristicas\"><strong>Caracter\u00edsticas<\/strong><\/div>\n<div><\/div>\n<div class=\"tsf-campo-acf-valores tsf-campo-acf-valores-caracteristicas tsf_campo-acf tsf_caracteristicas\">El asiento de ba\u00f1era Kingfisher es ideal para sentarse c\u00f3modamente en su ba\u00f1era, con una altura que le permite levantarse m\u00e1s f\u00e1cilmente.<br \/>\nSe adapta a la ba\u00f1era muy f\u00e1cilmente gracias a sus cuatro grandes ventosas.<br \/>\nDimensiones del asiento: ancho 40 x prof. 32 cm.<br \/>\nDos alturas: 20 cm o 30 cm<br \/>\nPeso m\u00e1ximo usuario 200 kg.<\/div>\n<div class=\"tsf-campo-acf-titulo tsf-campo-acf-titulo-altura tsf_campo-acf tsf_altura\"><\/div>\n<div><strong>Altura<\/strong><\/div>\n<div><\/div>\n<div class=\"tsf-campo-acf-valores tsf-campo-acf-valores-altura tsf_campo-acf tsf_altura\">20 CM, 30 CM<\/div>\n<div class=\"tsf-campo-acf-titulo tsf-campo-acf-titulo-pa_medidas tsf_campo-acf tsf_pa_medidas\"><\/div>\n<div><strong>Medidas<\/strong><\/div>\n<div><\/div>\n<div class=\"tsf-campo-acf-valores tsf-campo-acf-valores-pa_medidas tsf_campo-acf tsf_pa_medidas\">20 CM, 30 CM<\/div>\n","protected":false},"excerpt":{"rendered":"<p>ASIENTO DE BA\u00d1ERA KINGFISHER (812198, 812270) Caracter\u00edsticas El asiento de ba\u00f1era Kingfisher es ideal para sentarse c\u00f3modamente en su ba\u00f1era, con una altura que le permite levantarse m\u00e1s f\u00e1cilmente. Se adapta a la ba\u00f1era muy f\u00e1cilmente gracias a sus cuatro grandes ventosas. Dimensiones del asiento: ancho 40 x prof. 32 cm. Dos alturas: 20 cm [&hellip;]<\/p>\n","protected":false},"featured_media":3581,"comment_status":"open","ping_status":"closed","template":"","meta":{"saved_in_kubio":false},"product_brand":[],"product_cat":[87],"product_tag":[118],"class_list":{"0":"post-3580","1":"product","2":"type-product","3":"status-publish","4":"has-post-thumbnail","6":"product_cat-asientos-y-tablas-de-baneras","7":"product_tag-emo","9":"first","10":"instock","11":"shipping-taxable","12":"product-type-simple"},"_links":{"self":[{"href":"https:\/\/ortopediagot.net\/Inicio\/wp-json\/wp\/v2\/product\/3580"}],"collection":[{"href":"https:\/\/ortopediagot.net\/Inicio\/wp-json\/wp\/v2\/product"}],"about":[{"href":"https:\/\/ortopediagot.net\/Inicio\/wp-json\/wp\/v2\/types\/product"}],"replies":[{"embeddable":true,"href":"https:\/\/ortopediagot.net\/Inicio\/wp-json\/wp\/v2\/comments?post=3580"}],"wp:featuredmedia":[{"embeddable":true,"href":"https:\/\/ortopediagot.net\/Inicio\/wp-json\/wp\/v2\/media\/3581"}],"wp:attachment":[{"href":"https:\/\/ortopediagot.net\/Inicio\/wp-json\/wp\/v2\/media?parent=3580"}],"wp:term":[{"taxonomy":"product_brand","embeddable":true,"href":"https:\/\/ortopediagot.net\/Inicio\/wp-json\/wp\/v2\/product_brand?post=3580"},{"taxonomy":"product_cat","embeddable":true,"href":"https:\/\/ortopediagot.net\/Inicio\/wp-json\/wp\/v2\/product_cat?post=3580"},{"taxonomy":"product_tag","embeddable":true,"href":"https:\/\/ortopediagot.net\/Inicio\/wp-json\/wp\/v2\/product_tag?post=3580"}],"curies":[{"name":"wp","href":"https:\/\/api.w.org\/{rel}","templated":true}]}}