{"id":3613,"date":"2024-06-12T10:46:52","date_gmt":"2024-06-12T09:46:52","guid":{"rendered":"https:\/\/ortopediagot.net\/?post_type=product&#038;p=3613"},"modified":"2024-06-12T10:46:52","modified_gmt":"2024-06-12T09:46:52","slug":"elevador-de-banera-relaxa-bath","status":"publish","type":"product","link":"https:\/\/ortopediagot.net\/Inicio\/producto\/elevador-de-banera-relaxa-bath\/","title":{"rendered":"ELEVADOR DE BA\u00d1ERA RELAXA BATH"},"content":{"rendered":"<p>ELEVADOR DE BA\u00d1ERA RELAXA BATH (822229)<\/p>\n<div class=\"tsf-campo-acf-titulo tsf-campo-acf-titulo-caracteristicas tsf_campo-acf tsf_caracteristicas\"><strong>Caracter\u00edsticas<\/strong><\/div>\n<div><\/div>\n<div class=\"tsf-campo-acf-valores tsf-campo-acf-valores-caracteristicas tsf_campo-acf tsf_caracteristicas\">Elevador de ba\u00f1era que permite levantarse suavemente.<br \/>\nRequiere una instalaci\u00f3n sencilla en la pared para la unidad y en el suelo para el pasamanos.<br \/>\nEquipado con un mando a distancia y un sensor de temperatura.<br \/>\nFunciona s\u00f3lo con una bater\u00eda recargable de 24V DC.<br \/>\nPara utilizarlo desenrrollar la correa hasta que se bloquee debajo de la barra de soporte del suelo.<br \/>\nDimensiones de la consola de pared: Ancho 55.5 x alto. 32.5 x prof. 11.8 cm. Peso 11 kg.<br \/>\nDimensiones de la correa: larga. 2.5 metros x ancho 35,5 cm.<\/p>\n<p>Peso m\u00e1ximo usuario 127 kg<\/p><\/div>\n","protected":false},"excerpt":{"rendered":"<p>ELEVADOR DE BA\u00d1ERA RELAXA BATH (822229) Caracter\u00edsticas Elevador de ba\u00f1era que permite levantarse suavemente. Requiere una instalaci\u00f3n sencilla en la pared para la unidad y en el suelo para el pasamanos. Equipado con un mando a distancia y un sensor de temperatura. Funciona s\u00f3lo con una bater\u00eda recargable de 24V DC. Para utilizarlo desenrrollar la [&hellip;]<\/p>\n","protected":false},"featured_media":3614,"comment_status":"open","ping_status":"closed","template":"","meta":{"saved_in_kubio":false},"product_brand":[],"product_cat":[89],"product_tag":[118],"class_list":{"0":"post-3613","1":"product","2":"type-product","3":"status-publish","4":"has-post-thumbnail","6":"product_cat-elevadores-de-baneras","7":"product_tag-emo","9":"first","10":"instock","11":"shipping-taxable","12":"product-type-simple"},"_links":{"self":[{"href":"https:\/\/ortopediagot.net\/Inicio\/wp-json\/wp\/v2\/product\/3613"}],"collection":[{"href":"https:\/\/ortopediagot.net\/Inicio\/wp-json\/wp\/v2\/product"}],"about":[{"href":"https:\/\/ortopediagot.net\/Inicio\/wp-json\/wp\/v2\/types\/product"}],"replies":[{"embeddable":true,"href":"https:\/\/ortopediagot.net\/Inicio\/wp-json\/wp\/v2\/comments?post=3613"}],"wp:featuredmedia":[{"embeddable":true,"href":"https:\/\/ortopediagot.net\/Inicio\/wp-json\/wp\/v2\/media\/3614"}],"wp:attachment":[{"href":"https:\/\/ortopediagot.net\/Inicio\/wp-json\/wp\/v2\/media?parent=3613"}],"wp:term":[{"taxonomy":"product_brand","embeddable":true,"href":"https:\/\/ortopediagot.net\/Inicio\/wp-json\/wp\/v2\/product_brand?post=3613"},{"taxonomy":"product_cat","embeddable":true,"href":"https:\/\/ortopediagot.net\/Inicio\/wp-json\/wp\/v2\/product_cat?post=3613"},{"taxonomy":"product_tag","embeddable":true,"href":"https:\/\/ortopediagot.net\/Inicio\/wp-json\/wp\/v2\/product_tag?post=3613"}],"curies":[{"name":"wp","href":"https:\/\/api.w.org\/{rel}","templated":true}]}}