{"id":3656,"date":"2024-06-12T11:19:23","date_gmt":"2024-06-12T10:19:23","guid":{"rendered":"https:\/\/ortopediagot.net\/?post_type=product&#038;p=3656"},"modified":"2024-06-12T11:19:24","modified_gmt":"2024-06-12T10:19:24","slug":"tumbona-de-bano-anchor-talla-pequena","status":"publish","type":"product","link":"https:\/\/ortopediagot.net\/Inicio\/producto\/tumbona-de-bano-anchor-talla-pequena\/","title":{"rendered":"TUMBONA DE BA\u00d1O ANCHOR TALLA PEQUE\u00d1A"},"content":{"rendered":"<p>TUMBONA DE BA\u00d1O ANCHOR TALLA PEQUE\u00d1A (822015)<\/p>\n<div class=\"tsf-campo-acf-titulo tsf-campo-acf-titulo-caracteristicas tsf_campo-acf tsf_caracteristicas\"><strong>Caracter\u00edsticas<\/strong><\/div>\n<div><\/div>\n<div class=\"tsf-campo-acf-valores tsf-campo-acf-valores-caracteristicas tsf_campo-acf tsf_caracteristicas\">Estructura de aluminio anticorrosi\u00f3n<br \/>\nAjuste f\u00e1cil e independiente del respaldo y del asiento<br \/>\nAjuste de la profundidad del asiento<br \/>\nNuestra tumbona de ba\u00f1o Anchor proporciona una posici\u00f3n segura y c\u00f3moda para el ni\u00f1o durante el ba\u00f1o.<br \/>\nSu estructura de aluminio est\u00e1 tapizado en una c\u00f3moda tela de malla de secado r\u00e1pido.<br \/>\nTiene 4 ajustes de inclinaci\u00f3n en el respaldo (0\u00b0 \/ 30\u00b0 \/ 60\u00b0 y 90\u00b0), y 4 posibles inclinaciones para el reposapiernas.<br \/>\nEquipado con 2 cinchas de seguridad de cadera y torso, soportes laterales para la cabeza y cinchas para las piernas. Altura del asiento ajustable.<br \/>\nPosibilidad de ajustar la inclinaci\u00f3n del asiento. La tumbona est\u00e1 equipada con patas anchas, redondeadas y antideslizantes para asegurar el ba\u00f1o en la ba\u00f1era. Pr\u00e1ctico, se puede almacenar en plano. 2 tama\u00f1os disponibles.<br \/>\nTalla peque\u00f1a: Longitud total de la tumbona 125 cm, dividida en 3 partes: respaldo 80 cm, asiento 35 y reposapiernas 35 cm. Ancho total \/ asiento: 43 \/ 36 cm. Ancho \u00fatil para el fondo de la ba\u00f1era 42 cm.<br \/>\nLa profundidad del asiento es ajustable de 26 a 32,5 cm.<br \/>\nLa altura del asiento es ajustable en 3 posiciones: 14 \/ 27,5 \/ 39 cm. Peso 6,5 kg<br \/>\nTalla grande: Longitud total de la tumbona 150 cm, dividida en 3 partes: respaldo 80 cm, asiento 35 y reposapiernas 35 cm. Anchura total \/ asiento: 48,5 \/ 40 cm. Ancho \u00fatil para el fondo de la ba\u00f1era 46 cm. La profundidad del asiento es ajustable de 32,5 a 40 cm. La altura del asiento es ajustable en 3 posiciones: 14 \/ 32 \/ 47 cm. Peso 8,1 kg.<br \/>\nPeso m\u00e1ximo usuario: 70 kg<\/p>\n<p>3 tama\u00f1os disponibles.<\/p><\/div>\n<div class=\"tsf-campo-acf-titulo tsf-campo-acf-titulo-pa_tallas tsf_campo-acf tsf_pa_tallas\"><\/div>\n<div><strong>Tallas<\/strong><\/div>\n<div><\/div>\n<div class=\"tsf-campo-acf-valores tsf-campo-acf-valores-pa_tallas tsf_campo-acf tsf_pa_tallas\">S<\/div>\n","protected":false},"excerpt":{"rendered":"<p>TUMBONA DE BA\u00d1O ANCHOR TALLA PEQUE\u00d1A (822015) Caracter\u00edsticas Estructura de aluminio anticorrosi\u00f3n Ajuste f\u00e1cil e independiente del respaldo y del asiento Ajuste de la profundidad del asiento Nuestra tumbona de ba\u00f1o Anchor proporciona una posici\u00f3n segura y c\u00f3moda para el ni\u00f1o durante el ba\u00f1o. Su estructura de aluminio est\u00e1 tapizado en una c\u00f3moda tela de [&hellip;]<\/p>\n","protected":false},"featured_media":3653,"comment_status":"open","ping_status":"closed","template":"","meta":{"saved_in_kubio":false},"product_brand":[],"product_cat":[90],"product_tag":[118],"class_list":{"0":"post-3656","1":"product","2":"type-product","3":"status-publish","4":"has-post-thumbnail","6":"product_cat-camillas-de-bano","7":"product_tag-emo","9":"first","10":"instock","11":"shipping-taxable","12":"product-type-simple"},"_links":{"self":[{"href":"https:\/\/ortopediagot.net\/Inicio\/wp-json\/wp\/v2\/product\/3656"}],"collection":[{"href":"https:\/\/ortopediagot.net\/Inicio\/wp-json\/wp\/v2\/product"}],"about":[{"href":"https:\/\/ortopediagot.net\/Inicio\/wp-json\/wp\/v2\/types\/product"}],"replies":[{"embeddable":true,"href":"https:\/\/ortopediagot.net\/Inicio\/wp-json\/wp\/v2\/comments?post=3656"}],"wp:featuredmedia":[{"embeddable":true,"href":"https:\/\/ortopediagot.net\/Inicio\/wp-json\/wp\/v2\/media\/3653"}],"wp:attachment":[{"href":"https:\/\/ortopediagot.net\/Inicio\/wp-json\/wp\/v2\/media?parent=3656"}],"wp:term":[{"taxonomy":"product_brand","embeddable":true,"href":"https:\/\/ortopediagot.net\/Inicio\/wp-json\/wp\/v2\/product_brand?post=3656"},{"taxonomy":"product_cat","embeddable":true,"href":"https:\/\/ortopediagot.net\/Inicio\/wp-json\/wp\/v2\/product_cat?post=3656"},{"taxonomy":"product_tag","embeddable":true,"href":"https:\/\/ortopediagot.net\/Inicio\/wp-json\/wp\/v2\/product_tag?post=3656"}],"curies":[{"name":"wp","href":"https:\/\/api.w.org\/{rel}","templated":true}]}}