{"id":3707,"date":"2024-06-12T12:14:47","date_gmt":"2024-06-12T11:14:47","guid":{"rendered":"https:\/\/ortopediagot.net\/?post_type=product&#038;p=3707"},"modified":"2024-06-12T12:14:48","modified_gmt":"2024-06-12T11:14:48","slug":"braguitas-cortas-impermeables-blancas-t1","status":"publish","type":"product","link":"https:\/\/ortopediagot.net\/Inicio\/producto\/braguitas-cortas-impermeables-blancas-t1\/","title":{"rendered":"BRAGUITAS CORTAS IMPERMEABLES BLANCAS T1"},"content":{"rendered":"<p>BRAGUITAS CORTAS IMPERMEABLES BLANCAS T1 (801039.T1, 801039.T2, 801039.T3, 801039.T4, 801039.T5, 801039.T6)<\/p>\n<div class=\"tsf-campo-acf-titulo tsf-campo-acf-titulo-caracteristicas tsf_campo-acf tsf_caracteristicas\"><strong>Caracter\u00edsticas<\/strong><\/div>\n<div><\/div>\n<div class=\"tsf-campo-acf-valores tsf-campo-acf-valores-caracteristicas tsf_campo-acf tsf_caracteristicas\">Ropa interior para la incontinencia.<br \/>\nOfrecemos una gama de ropa interior especialmente dise\u00f1ada para incontinencia ligera a media.<br \/>\nErgon\u00f3micos y actuales, est\u00e1n compuestos de un material impremeable suave y transpirable en ciertos lugares.<br \/>\nSu material y forma los hacen tan discretos como la ropa interior convencional.<br \/>\nMaterial suave y natural en jersey 100% algod\u00f3n peinado.<br \/>\nPuede usarlos con sus compresas desechables habituales o con nuestras compresas reutilizables y lavables disponibles en esta p\u00e1gina.<br \/>\nLas compresas lavables est\u00e1n hechos de viscosa de bamb\u00fa, un material que es 60% m\u00e1s absorbente que el algod\u00f3n y tiene un tiempo de secado inferior en un 20%.<br \/>\nSeis tallas disponibles.<\/div>\n<div class=\"tsf-campo-acf-titulo tsf-campo-acf-titulo-pa_tallas tsf_campo-acf tsf_pa_tallas\"><\/div>\n<div><strong>Tallas<\/strong><\/div>\n<div><\/div>\n<div class=\"tsf-campo-acf-valores tsf-campo-acf-valores-pa_tallas tsf_campo-acf tsf_pa_tallas\">T.1, T.2, T.3, T.4, T.5, T.6<\/div>\n","protected":false},"excerpt":{"rendered":"<p>BRAGUITAS CORTAS IMPERMEABLES BLANCAS T1 (801039.T1, 801039.T2, 801039.T3, 801039.T4, 801039.T5, 801039.T6) Caracter\u00edsticas Ropa interior para la incontinencia. Ofrecemos una gama de ropa interior especialmente dise\u00f1ada para incontinencia ligera a media. Ergon\u00f3micos y actuales, est\u00e1n compuestos de un material impremeable suave y transpirable en ciertos lugares. Su material y forma los hacen tan discretos como la [&hellip;]<\/p>\n","protected":false},"featured_media":3708,"comment_status":"open","ping_status":"closed","template":"","meta":{"saved_in_kubio":false},"product_brand":[],"product_cat":[67],"product_tag":[118],"class_list":{"0":"post-3707","1":"product","2":"type-product","3":"status-publish","4":"has-post-thumbnail","6":"product_cat-incontinencia-urinaria","7":"product_tag-emo","9":"first","10":"instock","11":"shipping-taxable","12":"product-type-simple"},"_links":{"self":[{"href":"https:\/\/ortopediagot.net\/Inicio\/wp-json\/wp\/v2\/product\/3707"}],"collection":[{"href":"https:\/\/ortopediagot.net\/Inicio\/wp-json\/wp\/v2\/product"}],"about":[{"href":"https:\/\/ortopediagot.net\/Inicio\/wp-json\/wp\/v2\/types\/product"}],"replies":[{"embeddable":true,"href":"https:\/\/ortopediagot.net\/Inicio\/wp-json\/wp\/v2\/comments?post=3707"}],"wp:featuredmedia":[{"embeddable":true,"href":"https:\/\/ortopediagot.net\/Inicio\/wp-json\/wp\/v2\/media\/3708"}],"wp:attachment":[{"href":"https:\/\/ortopediagot.net\/Inicio\/wp-json\/wp\/v2\/media?parent=3707"}],"wp:term":[{"taxonomy":"product_brand","embeddable":true,"href":"https:\/\/ortopediagot.net\/Inicio\/wp-json\/wp\/v2\/product_brand?post=3707"},{"taxonomy":"product_cat","embeddable":true,"href":"https:\/\/ortopediagot.net\/Inicio\/wp-json\/wp\/v2\/product_cat?post=3707"},{"taxonomy":"product_tag","embeddable":true,"href":"https:\/\/ortopediagot.net\/Inicio\/wp-json\/wp\/v2\/product_tag?post=3707"}],"curies":[{"name":"wp","href":"https:\/\/api.w.org\/{rel}","templated":true}]}}