{"id":3715,"date":"2024-06-12T12:19:32","date_gmt":"2024-06-12T11:19:32","guid":{"rendered":"https:\/\/ortopediagot.net\/?post_type=product&#038;p=3715"},"modified":"2024-06-12T12:19:33","modified_gmt":"2024-06-12T11:19:33","slug":"slip-cerrado-hombre-blanco-talla-2","status":"publish","type":"product","link":"https:\/\/ortopediagot.net\/Inicio\/producto\/slip-cerrado-hombre-blanco-talla-2\/","title":{"rendered":"SLIP CERRADO HOMBRE BLANCO TALLA 2"},"content":{"rendered":"<p>SLIP CERRADO HOMBRE BLANCO TALLA 2 (801068.T2, 801068.T3, 801068.T4, 801068.T5, 801068.T6, 801068.T7)<\/p>\n<div class=\"tsf-campo-acf-titulo tsf-campo-acf-titulo-caracteristicas tsf_campo-acf tsf_caracteristicas\"><strong>Caracter\u00edsticas<\/strong><\/div>\n<div><\/div>\n<div class=\"tsf-campo-acf-valores tsf-campo-acf-valores-caracteristicas tsf_campo-acf tsf_caracteristicas\">Parte frontal e inferior impermeable, invisible.<br \/>\nTratamiento antimicrobiano y antiolor.<br \/>\nAlgod\u00f3n 100% peinado.<br \/>\nPiezas impermeables 83% poli\u00e9ster, 17% poliuretano.<br \/>\nTallas 2 a 7.<br \/>\nColor blanco.<\/div>\n<div class=\"tsf-campo-acf-titulo tsf-campo-acf-titulo-pa_tallas tsf_campo-acf tsf_pa_tallas\"><\/div>\n<div><strong>Tallas<\/strong><\/div>\n<div><\/div>\n<div class=\"tsf-campo-acf-valores tsf-campo-acf-valores-pa_tallas tsf_campo-acf tsf_pa_tallas\">T.2, T.3, T.4, T.5, T.6, T.7<\/div>\n","protected":false},"excerpt":{"rendered":"<p>SLIP CERRADO HOMBRE BLANCO TALLA 2 (801068.T2, 801068.T3, 801068.T4, 801068.T5, 801068.T6, 801068.T7) Caracter\u00edsticas Parte frontal e inferior impermeable, invisible. Tratamiento antimicrobiano y antiolor. Algod\u00f3n 100% peinado. Piezas impermeables 83% poli\u00e9ster, 17% poliuretano. Tallas 2 a 7. Color blanco. Tallas T.2, T.3, T.4, T.5, T.6, T.7<\/p>\n","protected":false},"featured_media":3716,"comment_status":"open","ping_status":"closed","template":"","meta":{"saved_in_kubio":false},"product_brand":[],"product_cat":[67],"product_tag":[118],"class_list":{"0":"post-3715","1":"product","2":"type-product","3":"status-publish","4":"has-post-thumbnail","6":"product_cat-incontinencia-urinaria","7":"product_tag-emo","9":"first","10":"instock","11":"shipping-taxable","12":"product-type-simple"},"_links":{"self":[{"href":"https:\/\/ortopediagot.net\/Inicio\/wp-json\/wp\/v2\/product\/3715"}],"collection":[{"href":"https:\/\/ortopediagot.net\/Inicio\/wp-json\/wp\/v2\/product"}],"about":[{"href":"https:\/\/ortopediagot.net\/Inicio\/wp-json\/wp\/v2\/types\/product"}],"replies":[{"embeddable":true,"href":"https:\/\/ortopediagot.net\/Inicio\/wp-json\/wp\/v2\/comments?post=3715"}],"wp:featuredmedia":[{"embeddable":true,"href":"https:\/\/ortopediagot.net\/Inicio\/wp-json\/wp\/v2\/media\/3716"}],"wp:attachment":[{"href":"https:\/\/ortopediagot.net\/Inicio\/wp-json\/wp\/v2\/media?parent=3715"}],"wp:term":[{"taxonomy":"product_brand","embeddable":true,"href":"https:\/\/ortopediagot.net\/Inicio\/wp-json\/wp\/v2\/product_brand?post=3715"},{"taxonomy":"product_cat","embeddable":true,"href":"https:\/\/ortopediagot.net\/Inicio\/wp-json\/wp\/v2\/product_cat?post=3715"},{"taxonomy":"product_tag","embeddable":true,"href":"https:\/\/ortopediagot.net\/Inicio\/wp-json\/wp\/v2\/product_tag?post=3715"}],"curies":[{"name":"wp","href":"https:\/\/api.w.org\/{rel}","templated":true}]}}