{"id":3761,"date":"2024-06-13T09:23:51","date_gmt":"2024-06-13T08:23:51","guid":{"rendered":"https:\/\/ortopediagot.net\/?post_type=product&#038;p=3761"},"modified":"2024-06-13T09:23:52","modified_gmt":"2024-06-13T08:23:52","slug":"pg423-silicoplant-banda-elastica-con-almohadilla-metatarsal-de-gel","status":"publish","type":"product","link":"https:\/\/ortopediagot.net\/Inicio\/producto\/pg423-silicoplant-banda-elastica-con-almohadilla-metatarsal-de-gel\/","title":{"rendered":"PG423 SILICOPLANT BANDA EL\u00c1STICA CON ALMOHADILLA METATARSAL DE GEL"},"content":{"rendered":"<p>Alivio de la zona metatarsal.<br \/>\nSobrecargas metatarsales.<br \/>\nCallosidades metatarsales.<\/p>\n<p><strong>Caracter\u00edsticas<\/strong><\/p>\n<div class=\"tsf-campo-acf-valores tsf-campo-acf-valores-caracteristicas tsf_campo-acf tsf_caracteristicas\">Almohadilla protectora de gel realizada en tejido el\u00e1stico muy suave.<br \/>\nFacilita su uso en todo tipo de calzado.<br \/>\nSu dise\u00f1o de gel en forma de coraz\u00f3n asegura amortiguaci\u00f3n en la parte de metatarso m\u00e1s cercana a los dedos.<br \/>\nLa uni\u00f3n del tejido el\u00e1stico entre el primer dedo y el segundo se puede descoser.<br \/>\nPar<\/div>\n<div class=\"tsf-campo-acf-titulo tsf-campo-acf-titulo-pa_tallas tsf_campo-acf tsf_pa_tallas\"><\/div>\n<div><strong>Tallas<\/strong><\/div>\n<div><\/div>\n<div class=\"tsf-campo-acf-valores tsf-campo-acf-valores-pa_tallas tsf_campo-acf tsf_pa_tallas\">S, L<\/div>\n<div class=\"tsf-campo-acf-valores tsf-campo-acf-valores-tallas_medidas tsf_campo-acf tsf_pa_tallas_medidas\">LARGO\/ANCHO\/ALTO (CM)<br \/>\nS (7,9 \/ 8,2 \/ 0,6) , L (9,5 \/ 9,5 \/ 0,6 )<\/div>\n","protected":false},"excerpt":{"rendered":"<p>Alivio de la zona metatarsal. Sobrecargas metatarsales. Callosidades metatarsales. Caracter\u00edsticas Almohadilla protectora de gel realizada en tejido el\u00e1stico muy suave. Facilita su uso en todo tipo de calzado. Su dise\u00f1o de gel en forma de coraz\u00f3n asegura amortiguaci\u00f3n en la parte de metatarso m\u00e1s cercana a los dedos. La uni\u00f3n del tejido el\u00e1stico entre el [&hellip;]<\/p>\n","protected":false},"featured_media":3762,"comment_status":"open","ping_status":"closed","template":"","meta":{"saved_in_kubio":false},"product_brand":[],"product_cat":[126],"product_tag":[118],"class_list":{"0":"post-3761","1":"product","2":"type-product","3":"status-publish","4":"has-post-thumbnail","6":"product_cat-protectores","7":"product_tag-emo","9":"first","10":"instock","11":"shipping-taxable","12":"product-type-simple"},"_links":{"self":[{"href":"https:\/\/ortopediagot.net\/Inicio\/wp-json\/wp\/v2\/product\/3761"}],"collection":[{"href":"https:\/\/ortopediagot.net\/Inicio\/wp-json\/wp\/v2\/product"}],"about":[{"href":"https:\/\/ortopediagot.net\/Inicio\/wp-json\/wp\/v2\/types\/product"}],"replies":[{"embeddable":true,"href":"https:\/\/ortopediagot.net\/Inicio\/wp-json\/wp\/v2\/comments?post=3761"}],"wp:featuredmedia":[{"embeddable":true,"href":"https:\/\/ortopediagot.net\/Inicio\/wp-json\/wp\/v2\/media\/3762"}],"wp:attachment":[{"href":"https:\/\/ortopediagot.net\/Inicio\/wp-json\/wp\/v2\/media?parent=3761"}],"wp:term":[{"taxonomy":"product_brand","embeddable":true,"href":"https:\/\/ortopediagot.net\/Inicio\/wp-json\/wp\/v2\/product_brand?post=3761"},{"taxonomy":"product_cat","embeddable":true,"href":"https:\/\/ortopediagot.net\/Inicio\/wp-json\/wp\/v2\/product_cat?post=3761"},{"taxonomy":"product_tag","embeddable":true,"href":"https:\/\/ortopediagot.net\/Inicio\/wp-json\/wp\/v2\/product_tag?post=3761"}],"curies":[{"name":"wp","href":"https:\/\/api.w.org\/{rel}","templated":true}]}}