{"id":3798,"date":"2024-06-13T11:03:01","date_gmt":"2024-06-13T10:03:01","guid":{"rendered":"https:\/\/ortopediagot.net\/?post_type=product&#038;p=3798"},"modified":"2024-06-13T11:03:02","modified_gmt":"2024-06-13T10:03:02","slug":"pod700-silicoplant-ratoncito-subdigital-con-anillo","status":"publish","type":"product","link":"https:\/\/ortopediagot.net\/Inicio\/producto\/pod700-silicoplant-ratoncito-subdigital-con-anillo\/","title":{"rendered":"POD700 SILICOPLANT RATONCITO SUBDIGITAL CON ANILLO"},"content":{"rendered":"<p>Callosidades distales en dedos en garra r\u00edgidos (callos pulpares)<br \/>\nDedos en garra y martillo<\/p>\n<div class=\"tsf-campo-acf-titulo tsf-campo-acf-titulo-caracteristicas tsf_campo-acf tsf_caracteristicas\"><strong>Caracter\u00edsticas<\/strong><\/div>\n<div><\/div>\n<div class=\"tsf-campo-acf-valores tsf-campo-acf-valores-caracteristicas tsf_campo-acf tsf_caracteristicas\">Almohadilla subdigital con anillo de anclaje para adaptaci\u00f3n de \u00e9ste en segundo o tercer dedo<br \/>\nFabricado con silicona de grado m\u00e9dico extrablanda<br \/>\nSe adapta a la temperatura corporal<br \/>\nLavable<br \/>\nPar<\/p>\n<\/div>\n<div class=\"tsf-campo-acf-titulo tsf-campo-acf-titulo-pa_tallas tsf_campo-acf tsf_pa_tallas\"><b><i>Tallas<\/i><\/b><\/div>\n<div><\/div>\n<div class=\"tsf-campo-acf-valores tsf-campo-acf-valores-pa_tallas tsf_campo-acf tsf_pa_tallas\">S, M, L<\/div>\n","protected":false},"excerpt":{"rendered":"<p>Callosidades distales en dedos en garra r\u00edgidos (callos pulpares) Dedos en garra y martillo Caracter\u00edsticas Almohadilla subdigital con anillo de anclaje para adaptaci\u00f3n de \u00e9ste en segundo o tercer dedo Fabricado con silicona de grado m\u00e9dico extrablanda Se adapta a la temperatura corporal Lavable Par Tallas S, M, L<\/p>\n","protected":false},"featured_media":3799,"comment_status":"open","ping_status":"closed","template":"","meta":{"saved_in_kubio":false},"product_brand":[],"product_cat":[126],"product_tag":[118],"class_list":{"0":"post-3798","1":"product","2":"type-product","3":"status-publish","4":"has-post-thumbnail","6":"product_cat-protectores","7":"product_tag-emo","9":"first","10":"instock","11":"shipping-taxable","12":"product-type-simple"},"_links":{"self":[{"href":"https:\/\/ortopediagot.net\/Inicio\/wp-json\/wp\/v2\/product\/3798"}],"collection":[{"href":"https:\/\/ortopediagot.net\/Inicio\/wp-json\/wp\/v2\/product"}],"about":[{"href":"https:\/\/ortopediagot.net\/Inicio\/wp-json\/wp\/v2\/types\/product"}],"replies":[{"embeddable":true,"href":"https:\/\/ortopediagot.net\/Inicio\/wp-json\/wp\/v2\/comments?post=3798"}],"wp:featuredmedia":[{"embeddable":true,"href":"https:\/\/ortopediagot.net\/Inicio\/wp-json\/wp\/v2\/media\/3799"}],"wp:attachment":[{"href":"https:\/\/ortopediagot.net\/Inicio\/wp-json\/wp\/v2\/media?parent=3798"}],"wp:term":[{"taxonomy":"product_brand","embeddable":true,"href":"https:\/\/ortopediagot.net\/Inicio\/wp-json\/wp\/v2\/product_brand?post=3798"},{"taxonomy":"product_cat","embeddable":true,"href":"https:\/\/ortopediagot.net\/Inicio\/wp-json\/wp\/v2\/product_cat?post=3798"},{"taxonomy":"product_tag","embeddable":true,"href":"https:\/\/ortopediagot.net\/Inicio\/wp-json\/wp\/v2\/product_tag?post=3798"}],"curies":[{"name":"wp","href":"https:\/\/api.w.org\/{rel}","templated":true}]}}