{"id":3801,"date":"2024-06-13T11:05:28","date_gmt":"2024-06-13T10:05:28","guid":{"rendered":"https:\/\/ortopediagot.net\/?post_type=product&#038;p=3801"},"modified":"2024-06-13T11:05:29","modified_gmt":"2024-06-13T10:05:29","slug":"pod703-silicoplant-ratoncito-triple-anillo","status":"publish","type":"product","link":"https:\/\/ortopediagot.net\/Inicio\/producto\/pod703-silicoplant-ratoncito-triple-anillo\/","title":{"rendered":"POD703 SILICOPLANT RATONCITO TRIPLE ANILLO"},"content":{"rendered":"<p>Dedos en garra<br \/>\nDedos en martillo<br \/>\nCallosidades distales en dedos en garra r\u00edgidos<\/p>\n<div class=\"tsf-campo-acf-titulo tsf-campo-acf-titulo-caracteristicas tsf_campo-acf tsf_caracteristicas\"><strong>Caracter\u00edsticas<\/strong><\/div>\n<div><\/div>\n<div class=\"tsf-campo-acf-valores tsf-campo-acf-valores-caracteristicas tsf_campo-acf tsf_caracteristicas\">Rat\u00f3n subdigital con tres anillos de anclaje<br \/>\nFabricado con silicona m\u00e9dica extrablanda<br \/>\nSe adapta a la temperatura corporal<br \/>\nLavable<br \/>\nLado derecho e izquierdo<\/div>\n","protected":false},"excerpt":{"rendered":"<p>Dedos en garra Dedos en martillo Callosidades distales en dedos en garra r\u00edgidos Caracter\u00edsticas Rat\u00f3n subdigital con tres anillos de anclaje Fabricado con silicona m\u00e9dica extrablanda Se adapta a la temperatura corporal Lavable Lado derecho e izquierdo<\/p>\n","protected":false},"featured_media":3802,"comment_status":"open","ping_status":"closed","template":"","meta":{"saved_in_kubio":false},"product_brand":[],"product_cat":[126],"product_tag":[118],"class_list":{"0":"post-3801","1":"product","2":"type-product","3":"status-publish","4":"has-post-thumbnail","6":"product_cat-protectores","7":"product_tag-emo","9":"first","10":"instock","11":"shipping-taxable","12":"product-type-simple"},"_links":{"self":[{"href":"https:\/\/ortopediagot.net\/Inicio\/wp-json\/wp\/v2\/product\/3801"}],"collection":[{"href":"https:\/\/ortopediagot.net\/Inicio\/wp-json\/wp\/v2\/product"}],"about":[{"href":"https:\/\/ortopediagot.net\/Inicio\/wp-json\/wp\/v2\/types\/product"}],"replies":[{"embeddable":true,"href":"https:\/\/ortopediagot.net\/Inicio\/wp-json\/wp\/v2\/comments?post=3801"}],"wp:featuredmedia":[{"embeddable":true,"href":"https:\/\/ortopediagot.net\/Inicio\/wp-json\/wp\/v2\/media\/3802"}],"wp:attachment":[{"href":"https:\/\/ortopediagot.net\/Inicio\/wp-json\/wp\/v2\/media?parent=3801"}],"wp:term":[{"taxonomy":"product_brand","embeddable":true,"href":"https:\/\/ortopediagot.net\/Inicio\/wp-json\/wp\/v2\/product_brand?post=3801"},{"taxonomy":"product_cat","embeddable":true,"href":"https:\/\/ortopediagot.net\/Inicio\/wp-json\/wp\/v2\/product_cat?post=3801"},{"taxonomy":"product_tag","embeddable":true,"href":"https:\/\/ortopediagot.net\/Inicio\/wp-json\/wp\/v2\/product_tag?post=3801"}],"curies":[{"name":"wp","href":"https:\/\/api.w.org\/{rel}","templated":true}]}}