{"id":3840,"date":"2024-06-13T11:32:43","date_gmt":"2024-06-13T10:32:43","guid":{"rendered":"https:\/\/ortopediagot.net\/?post_type=product&#038;p=3840"},"modified":"2024-06-13T11:32:44","modified_gmt":"2024-06-13T10:32:44","slug":"spg610-silicoplant-gel-plantilla","status":"publish","type":"product","link":"https:\/\/ortopediagot.net\/Inicio\/producto\/spg610-silicoplant-gel-plantilla\/","title":{"rendered":"SPG610 SILICOPLANT GEL PLANTILLA"},"content":{"rendered":"<p>Dolor plantar<br \/>\nSobrecarga plantar<br \/>\nPr\u00e1ctica deportiva<br \/>\nPersonas que permanecen mucho tiempo de pie<\/p>\n<div class=\"tsf-campo-acf-titulo tsf-campo-acf-titulo-caracteristicas tsf_campo-acf tsf_caracteristicas\"><strong>Caracter\u00edsticas<\/strong><\/div>\n<div><\/div>\n<div class=\"tsf-campo-acf-valores tsf-campo-acf-valores-caracteristicas tsf_campo-acf tsf_caracteristicas\">Dise\u00f1ada con con gel de grado m\u00e9dico y esencia de aloe vera.<br \/>\nSu dise\u00f1o permite la transpirabilidad del gel y facilita el flujo de aire con cada pisada evitando el efecto ventosa.<br \/>\nPerfil bajo<br \/>\nForrada de tejido t\u00e9cnico con de efecto permanente: antibacterias, 100% transpirable, absorbente, antiolor, anti\u00e1caros y termorregulador<br \/>\nPara todo tipo de pieles<\/div>\n<div class=\"tsf-campo-acf-titulo tsf-campo-acf-titulo-pa_tallas tsf_campo-acf tsf_pa_tallas\"><\/div>\n<div><strong>Tallas<\/strong><\/div>\n<div><\/div>\n<div class=\"tsf-campo-acf-valores tsf-campo-acf-valores-pa_tallas tsf_campo-acf tsf_pa_tallas\">35-38, 39-42, 43-46<\/div>\n<div class=\"tsf-campo-acf-valores tsf-campo-acf-valores-tallas_medidas tsf_campo-acf tsf_pa_tallas_medidas\">MEDIDA DEL CALZADO<br \/>\nS: 35-38; M: 39-42; L: 43-46<\/div>\n","protected":false},"excerpt":{"rendered":"<p>Dolor plantar Sobrecarga plantar Pr\u00e1ctica deportiva Personas que permanecen mucho tiempo de pie Caracter\u00edsticas Dise\u00f1ada con con gel de grado m\u00e9dico y esencia de aloe vera. Su dise\u00f1o permite la transpirabilidad del gel y facilita el flujo de aire con cada pisada evitando el efecto ventosa. Perfil bajo Forrada de tejido t\u00e9cnico con de efecto [&hellip;]<\/p>\n","protected":false},"featured_media":3841,"comment_status":"open","ping_status":"closed","template":"","meta":{"saved_in_kubio":false},"product_brand":[],"product_cat":[125],"product_tag":[118],"class_list":{"0":"post-3840","1":"product","2":"type-product","3":"status-publish","4":"has-post-thumbnail","6":"product_cat-plantillas","7":"product_tag-emo","9":"first","10":"instock","11":"shipping-taxable","12":"product-type-simple"},"_links":{"self":[{"href":"https:\/\/ortopediagot.net\/Inicio\/wp-json\/wp\/v2\/product\/3840"}],"collection":[{"href":"https:\/\/ortopediagot.net\/Inicio\/wp-json\/wp\/v2\/product"}],"about":[{"href":"https:\/\/ortopediagot.net\/Inicio\/wp-json\/wp\/v2\/types\/product"}],"replies":[{"embeddable":true,"href":"https:\/\/ortopediagot.net\/Inicio\/wp-json\/wp\/v2\/comments?post=3840"}],"wp:featuredmedia":[{"embeddable":true,"href":"https:\/\/ortopediagot.net\/Inicio\/wp-json\/wp\/v2\/media\/3841"}],"wp:attachment":[{"href":"https:\/\/ortopediagot.net\/Inicio\/wp-json\/wp\/v2\/media?parent=3840"}],"wp:term":[{"taxonomy":"product_brand","embeddable":true,"href":"https:\/\/ortopediagot.net\/Inicio\/wp-json\/wp\/v2\/product_brand?post=3840"},{"taxonomy":"product_cat","embeddable":true,"href":"https:\/\/ortopediagot.net\/Inicio\/wp-json\/wp\/v2\/product_cat?post=3840"},{"taxonomy":"product_tag","embeddable":true,"href":"https:\/\/ortopediagot.net\/Inicio\/wp-json\/wp\/v2\/product_tag?post=3840"}],"curies":[{"name":"wp","href":"https:\/\/api.w.org\/{rel}","templated":true}]}}