{"id":4023,"date":"2024-06-14T09:54:02","date_gmt":"2024-06-14T08:54:02","guid":{"rendered":"https:\/\/ortopediagot.net\/?post_type=product&#038;p=4023"},"modified":"2024-06-14T09:54:03","modified_gmt":"2024-06-14T08:54:03","slug":"grua-cambiapanales-vertic2-f","status":"publish","type":"product","link":"https:\/\/ortopediagot.net\/Inicio\/producto\/grua-cambiapanales-vertic2-f\/","title":{"rendered":"Gr\u00faa cambiapa\u00f1ales Vertic2 F"},"content":{"rendered":"<p>Vertic2F. Ref. ADSME09<\/p>\n<p>&nbsp;<\/p>\n<p>Gr\u00faa cambia-pa\u00f1ales y traslado.<\/p>\n<p>Gr\u00faa el\u00e9ctrica\u00a0<strong>VERTIC 2 Fortissimo<\/strong>, con apertura de patas el\u00e9ctrico.<\/p>\n<p>Imita la incorporaci\u00f3n natural de la persona.<\/p>\n<p>Apoyo de piernas regulable en altura.<\/p>\n<p>Ruedas traseras con frenos de blocaje.<\/p>\n<p>Sistema de descenso de emergencia tanto manual como el\u00e9ctrico.<\/p>\n<p>Bot\u00f3n de parada de emergencia.<\/p>\n<p>Cargador de bater\u00edas incorporado en el bloque.<\/p>\n<p><strong>Arn\u00e9s incluido<\/strong>.<\/p>\n<p><strong>Caracter\u00edsticas<\/strong><\/p>\n<p>Peso: 55 Kg<\/p>\n<p>Carga M\u00e1xima: 330 Kg<\/p>\n<p>Ancho exterior: 71\/100 cm.<\/p>\n<p>Ancho interior: 55\/86 cm<\/p>\n<p>Altura ganchos: 76\/146 cm<\/p>\n<p>Altura m\u00e1xima: 108\/155 cm<\/p>\n<p>Altura ruedas delanteras 17 cm<\/p>\n<p>Fondo : 126 cm.<\/p>\n","protected":false},"excerpt":{"rendered":"<p>Vertic2F. Ref. ADSME09 &nbsp; Gr\u00faa cambia-pa\u00f1ales y traslado. Gr\u00faa el\u00e9ctrica\u00a0VERTIC 2 Fortissimo, con apertura de patas el\u00e9ctrico. Imita la incorporaci\u00f3n natural de la persona. Apoyo de piernas regulable en altura. Ruedas traseras con frenos de blocaje. Sistema de descenso de emergencia tanto manual como el\u00e9ctrico. Bot\u00f3n de parada de emergencia. Cargador de bater\u00edas incorporado en [&hellip;]<\/p>\n","protected":false},"featured_media":4024,"comment_status":"open","ping_status":"closed","template":"","meta":{"saved_in_kubio":false},"product_brand":[],"product_cat":[134],"product_tag":[135],"class_list":{"0":"post-4023","1":"product","2":"type-product","3":"status-publish","4":"has-post-thumbnail","6":"product_cat-gruas-150-kg","7":"product_tag-obea-chair","9":"first","10":"instock","11":"shipping-taxable","12":"product-type-simple"},"_links":{"self":[{"href":"https:\/\/ortopediagot.net\/Inicio\/wp-json\/wp\/v2\/product\/4023"}],"collection":[{"href":"https:\/\/ortopediagot.net\/Inicio\/wp-json\/wp\/v2\/product"}],"about":[{"href":"https:\/\/ortopediagot.net\/Inicio\/wp-json\/wp\/v2\/types\/product"}],"replies":[{"embeddable":true,"href":"https:\/\/ortopediagot.net\/Inicio\/wp-json\/wp\/v2\/comments?post=4023"}],"wp:featuredmedia":[{"embeddable":true,"href":"https:\/\/ortopediagot.net\/Inicio\/wp-json\/wp\/v2\/media\/4024"}],"wp:attachment":[{"href":"https:\/\/ortopediagot.net\/Inicio\/wp-json\/wp\/v2\/media?parent=4023"}],"wp:term":[{"taxonomy":"product_brand","embeddable":true,"href":"https:\/\/ortopediagot.net\/Inicio\/wp-json\/wp\/v2\/product_brand?post=4023"},{"taxonomy":"product_cat","embeddable":true,"href":"https:\/\/ortopediagot.net\/Inicio\/wp-json\/wp\/v2\/product_cat?post=4023"},{"taxonomy":"product_tag","embeddable":true,"href":"https:\/\/ortopediagot.net\/Inicio\/wp-json\/wp\/v2\/product_tag?post=4023"}],"curies":[{"name":"wp","href":"https:\/\/api.w.org\/{rel}","templated":true}]}}