{"id":4068,"date":"2024-06-14T11:56:12","date_gmt":"2024-06-14T10:56:12","guid":{"rendered":"https:\/\/ortopediagot.net\/?post_type=product&#038;p=4068"},"modified":"2024-06-14T11:56:13","modified_gmt":"2024-06-14T10:56:13","slug":"cisne-alina-sujetador-postmastectomia-cruzado","status":"publish","type":"product","link":"https:\/\/ortopediagot.net\/Inicio\/producto\/cisne-alina-sujetador-postmastectomia-cruzado\/","title":{"rendered":"CISNE ALINA SUJETADOR POSTMASTECTOM\u00cdA CRUZADO"},"content":{"rendered":"<p>Sujetador indicado para el uso con una pr\u00f3tesis ex\u00f3gena en la mujer mastectomizada.<\/p>\n<div class=\"tsf-campo-acf-titulo tsf-campo-acf-titulo-caracteristicas tsf_campo-acf tsf_caracteristicas\"><strong>Caracter\u00edsticas<\/strong><\/div>\n<div><\/div>\n<div class=\"tsf-campo-acf-valores tsf-campo-acf-valores-caracteristicas tsf_campo-acf tsf_caracteristicas\">Incorporan una suave bolsa de algod\u00f3n que impide que la pr\u00f3tesis pueda soltarse.<br \/>\nGran libertad de movimientos.<br \/>\nTirantes anchos y regulables.<br \/>\nAporta gran sujeci\u00f3n garantizando seguridad y confort gracias a su cruce en la parte delantera.<br \/>\nSujetan la pr\u00f3tesis de forma eficaz. Tirantes regulables. Con copas de alta resistencia.<br \/>\nSeguro y confortable. Con cierre posterior para evitar da\u00f1os en la pr\u00f3tesis.<\/div>\n<div><\/div>\n<div class=\"tsf-campo-acf-titulo tsf-campo-acf-titulo-pa_tallas tsf_campo-acf tsf_pa_tallas\"><b><i>Tallas<\/i><\/b><\/div>\n<div><\/div>\n<div class=\"tsf-campo-acf-valores tsf-campo-acf-valores-pa_tallas tsf_campo-acf tsf_pa_tallas\">80, 85, 90, 95, 100, 105, 110, 115, 120<\/div>\n<div class=\"tsf-campo-acf-valores tsf-campo-acf-valores-tallas_medidas tsf_campo-acf tsf_pa_tallas_medidas\">MEDIDA DEL CONTORNO DEL DIAFRAGMA EN CM.<br \/>\n80 A 120. COPA B<\/div>\n","protected":false},"excerpt":{"rendered":"<p>Sujetador indicado para el uso con una pr\u00f3tesis ex\u00f3gena en la mujer mastectomizada. Caracter\u00edsticas Incorporan una suave bolsa de algod\u00f3n que impide que la pr\u00f3tesis pueda soltarse. Gran libertad de movimientos. Tirantes anchos y regulables. Aporta gran sujeci\u00f3n garantizando seguridad y confort gracias a su cruce en la parte delantera. Sujetan la pr\u00f3tesis de forma [&hellip;]<\/p>\n","protected":false},"featured_media":4069,"comment_status":"open","ping_status":"closed","template":"","meta":{"saved_in_kubio":false},"product_brand":[],"product_cat":[99],"product_tag":[118],"class_list":{"0":"post-4068","1":"product","2":"type-product","3":"status-publish","4":"has-post-thumbnail","6":"product_cat-oncologia","7":"product_tag-emo","9":"first","10":"instock","11":"shipping-taxable","12":"product-type-simple"},"_links":{"self":[{"href":"https:\/\/ortopediagot.net\/Inicio\/wp-json\/wp\/v2\/product\/4068"}],"collection":[{"href":"https:\/\/ortopediagot.net\/Inicio\/wp-json\/wp\/v2\/product"}],"about":[{"href":"https:\/\/ortopediagot.net\/Inicio\/wp-json\/wp\/v2\/types\/product"}],"replies":[{"embeddable":true,"href":"https:\/\/ortopediagot.net\/Inicio\/wp-json\/wp\/v2\/comments?post=4068"}],"wp:featuredmedia":[{"embeddable":true,"href":"https:\/\/ortopediagot.net\/Inicio\/wp-json\/wp\/v2\/media\/4069"}],"wp:attachment":[{"href":"https:\/\/ortopediagot.net\/Inicio\/wp-json\/wp\/v2\/media?parent=4068"}],"wp:term":[{"taxonomy":"product_brand","embeddable":true,"href":"https:\/\/ortopediagot.net\/Inicio\/wp-json\/wp\/v2\/product_brand?post=4068"},{"taxonomy":"product_cat","embeddable":true,"href":"https:\/\/ortopediagot.net\/Inicio\/wp-json\/wp\/v2\/product_cat?post=4068"},{"taxonomy":"product_tag","embeddable":true,"href":"https:\/\/ortopediagot.net\/Inicio\/wp-json\/wp\/v2\/product_tag?post=4068"}],"curies":[{"name":"wp","href":"https:\/\/api.w.org\/{rel}","templated":true}]}}