{"id":4128,"date":"2024-07-08T13:46:59","date_gmt":"2024-07-08T12:46:59","guid":{"rendered":"https:\/\/ortopediagot.net\/?post_type=product&#038;p=4128"},"modified":"2024-07-08T13:48:57","modified_gmt":"2024-07-08T12:48:57","slug":"andador-de-aluminio-con-ruedas-y-asiento","status":"publish","type":"product","link":"https:\/\/ortopediagot.net\/Inicio\/producto\/andador-de-aluminio-con-ruedas-y-asiento\/","title":{"rendered":"ANDADOR DE ALUMINIO CON RUEDAS Y ASIENTO"},"content":{"rendered":"<p>Ref. A138<\/p>\n<p>Andador de aluminio plegable con ruedas, regulable en altura de 87 a 93.5 cm. Pu\u00f1os con regulaci\u00f3n independiente. Dise\u00f1o actual en color gris y con modernos toques de color azul en la estructura<\/p>\n<p><strong>Caracter\u00edsticas<\/strong><\/p>\n<p>Altura Regulable: 87 a 93.5 cm<\/p>\n<p>Anchura: 58 cm<\/p>\n<p>Longitud: 51 cm<\/p>\n<p>Altura de asiento a suelo: 58 cm<\/p>\n<p>Peso: 3.10 kg<\/p>\n<p>Peso m\u00e1ximo de usuario: 100 kg<\/p>\n","protected":false},"excerpt":{"rendered":"<p>Ref. A138 Andador de aluminio plegable con ruedas, regulable en altura de 87 a 93.5 cm. Pu\u00f1os con regulaci\u00f3n independiente. Dise\u00f1o actual en color gris y con modernos toques de color azul en la estructura Caracter\u00edsticas Altura Regulable: 87 a 93.5 cm Anchura: 58 cm Longitud: 51 cm Altura de asiento a suelo: 58 cm [&hellip;]<\/p>\n","protected":false},"featured_media":4131,"comment_status":"open","ping_status":"closed","template":"","meta":{"saved_in_kubio":false},"product_brand":[],"product_cat":[60],"product_tag":[48],"class_list":{"0":"post-4128","1":"product","2":"type-product","3":"status-publish","4":"has-post-thumbnail","6":"product_cat-andadores","7":"product_tag-sunrise-medical","9":"first","10":"instock","11":"shipping-taxable","12":"product-type-simple"},"_links":{"self":[{"href":"https:\/\/ortopediagot.net\/Inicio\/wp-json\/wp\/v2\/product\/4128"}],"collection":[{"href":"https:\/\/ortopediagot.net\/Inicio\/wp-json\/wp\/v2\/product"}],"about":[{"href":"https:\/\/ortopediagot.net\/Inicio\/wp-json\/wp\/v2\/types\/product"}],"replies":[{"embeddable":true,"href":"https:\/\/ortopediagot.net\/Inicio\/wp-json\/wp\/v2\/comments?post=4128"}],"wp:featuredmedia":[{"embeddable":true,"href":"https:\/\/ortopediagot.net\/Inicio\/wp-json\/wp\/v2\/media\/4131"}],"wp:attachment":[{"href":"https:\/\/ortopediagot.net\/Inicio\/wp-json\/wp\/v2\/media?parent=4128"}],"wp:term":[{"taxonomy":"product_brand","embeddable":true,"href":"https:\/\/ortopediagot.net\/Inicio\/wp-json\/wp\/v2\/product_brand?post=4128"},{"taxonomy":"product_cat","embeddable":true,"href":"https:\/\/ortopediagot.net\/Inicio\/wp-json\/wp\/v2\/product_cat?post=4128"},{"taxonomy":"product_tag","embeddable":true,"href":"https:\/\/ortopediagot.net\/Inicio\/wp-json\/wp\/v2\/product_tag?post=4128"}],"curies":[{"name":"wp","href":"https:\/\/api.w.org\/{rel}","templated":true}]}}