{"id":4190,"date":"2024-07-24T11:26:01","date_gmt":"2024-07-24T10:26:01","guid":{"rendered":"https:\/\/ortopediagot.net\/?post_type=product&#038;p=4190"},"modified":"2024-07-24T11:26:01","modified_gmt":"2024-07-24T10:26:01","slug":"scooter-compacto-de-gran-autonomia-victory-lux","status":"publish","type":"product","link":"https:\/\/ortopediagot.net\/Inicio\/producto\/scooter-compacto-de-gran-autonomia-victory-lux\/","title":{"rendered":"Scooter compacto de gran autonom\u00eda VICTORY LUX"},"content":{"rendered":"<p>Scooter de altas prestaciones, de dimensiones compactas y gran equipamiento de serie. Su potencia y confort permiten realizar desplazamientos largos con la mayor comodidad. Dispone de luces con intermitentes, luz de freno y volante ergon\u00f3mico. Es un scooter muy vers\u00e1til para todo tipo de situaciones.<\/p>\n<p>El elegante y deportivo Victory 10 DX Scooter ofrece un rendimiento fluido y caracter\u00edsticas completamente nuevas.<\/p>\n<p>Con caracter\u00edsticas est\u00e1ndar avanzadas que incluyen suspensi\u00f3n robusta, un sistema autom\u00e1tico de luces delanteras y traseras de alta visibilidad, desmontaje f\u00e1cil y un manillar delta envolvente, el Victory 10 DX tiene un mayor valor que nunca.<\/p>\n<p><strong>Desmontaje f\u00e1cil<\/strong><\/p>\n<p>El scooter Victory se desmonta en 3 partes, el asiento, el motor trasero y el tren delantero.<\/p>\n<p><strong>M\u00e1xima seguridad:<\/strong>\u00a0 Lleva luces, intermitentes y luz de freno.<\/p>\n<p><strong>M\u00e1ximo confort:\u00a0<\/strong>Amortiguaci\u00f3n en las cuatro ruedas<\/p>\n<p><strong>CARACTER\u00cdSTICAS<\/strong><\/p>\n<p>&nbsp;<\/p>\n<p><strong>MODELO: <\/strong>SM6<\/p>\n<p><strong>LONGITUD TOTAL: <\/strong>120 Cm<\/p>\n<p><strong>ANCHO TOTAL: <\/strong>60 Cm<\/p>\n<p><strong>ANCHO ASIENTO: <\/strong>44 Cm<\/p>\n<p><strong>POTENCIA MOTOR: <\/strong>400W<\/p>\n<p><strong>BATER\u00cdA: <\/strong>2x12V 40Ah<\/p>\n<p><strong>AUTONOM\u00cdA: <\/strong>28Km<\/p>\n<p><strong>VEOCIDAD: <\/strong>9Km\/h<\/p>\n<p><strong>PENDIENTE M\u00c1XIMA : <\/strong>6 GRADOS o 10.5%<\/p>\n<p><strong>RADIO DE GIRO: <\/strong>137Cm<\/p>\n<p><strong>ALTURA LIBRE : <\/strong>8Cm<\/p>\n<p><strong>PESO TOTAL: <\/strong>84Kg<\/p>\n<p><strong>RUEDAS DELANTERAS : <\/strong>260Cm<\/p>\n<p><strong>RUEDAS TRASERAS: <\/strong>260Cm<\/p>\n<p><strong>PESO M\u00c1XIMO: <\/strong>158Kg<\/p>\n","protected":false},"excerpt":{"rendered":"<p>Scooter de altas prestaciones, de dimensiones compactas y gran equipamiento de serie. Su potencia y confort permiten realizar desplazamientos largos con la mayor comodidad. Dispone de luces con intermitentes, luz de freno y volante ergon\u00f3mico. Es un scooter muy vers\u00e1til para todo tipo de situaciones. El elegante y deportivo Victory 10 DX Scooter ofrece un [&hellip;]<\/p>\n","protected":false},"featured_media":4192,"comment_status":"open","ping_status":"closed","template":"","meta":{"saved_in_kubio":false},"product_brand":[],"product_cat":[54],"product_tag":[43],"class_list":{"0":"post-4190","1":"product","2":"type-product","3":"status-publish","4":"has-post-thumbnail","6":"product_cat-scooters-electricos","7":"product_tag-ayudas-dinamicas","9":"first","10":"instock","11":"shipping-taxable","12":"product-type-simple"},"_links":{"self":[{"href":"https:\/\/ortopediagot.net\/Inicio\/wp-json\/wp\/v2\/product\/4190"}],"collection":[{"href":"https:\/\/ortopediagot.net\/Inicio\/wp-json\/wp\/v2\/product"}],"about":[{"href":"https:\/\/ortopediagot.net\/Inicio\/wp-json\/wp\/v2\/types\/product"}],"replies":[{"embeddable":true,"href":"https:\/\/ortopediagot.net\/Inicio\/wp-json\/wp\/v2\/comments?post=4190"}],"wp:featuredmedia":[{"embeddable":true,"href":"https:\/\/ortopediagot.net\/Inicio\/wp-json\/wp\/v2\/media\/4192"}],"wp:attachment":[{"href":"https:\/\/ortopediagot.net\/Inicio\/wp-json\/wp\/v2\/media?parent=4190"}],"wp:term":[{"taxonomy":"product_brand","embeddable":true,"href":"https:\/\/ortopediagot.net\/Inicio\/wp-json\/wp\/v2\/product_brand?post=4190"},{"taxonomy":"product_cat","embeddable":true,"href":"https:\/\/ortopediagot.net\/Inicio\/wp-json\/wp\/v2\/product_cat?post=4190"},{"taxonomy":"product_tag","embeddable":true,"href":"https:\/\/ortopediagot.net\/Inicio\/wp-json\/wp\/v2\/product_tag?post=4190"}],"curies":[{"name":"wp","href":"https:\/\/api.w.org\/{rel}","templated":true}]}}